t the prime factors of 5260.
2, 5, 263
List the prime factors of 53046.
2, 3, 7, 421
List the prime factors of 1242.
2, 3, 23
List the prime factors of 1130.
2, 5, 113
List the prime factors of 11901.
3, 3967
What are the prime factors of 5952?
2, 3, 31
What are the prime factors of 96946?
2, 48473
List the prime factors of 3588.
2, 3, 13, 23
List the prime factors of 526.
2, 263
List the prime factors of 3209.
3209
What are the prime factors of 43442?
2, 7, 29, 107
List the prime factors of 1434.
2, 3, 239
What are the prime factors of 34156?
2, 8539
List the prime factors of 380.
2, 5, 19
List the prime factors of 53096.
2, 6637
What are the prime factors of 20822?
2, 29, 359
List the prime factors of 55133.
13, 4241
What are the prime factors of 18827?
67, 281
List the prime factors of 7300.
2, 5, 73
What are the prime factors of 58157?
11, 17, 311
List the prime factors of 1306.
2, 653
List the prime factors of 15080.
2, 5, 13, 29
List the prime factors of 10344.
2, 3, 431
List the prime factors of 1480.
2, 5, 37
What are the prime factors of 4768?
2, 149
What are the prime factors of 17235?
3, 5, 383
List the prime factors of 718.
2, 359
What are the prime factors of 9112?
2, 17, 67
List the prime factors of 5062.
2, 2531
List the prime factors of 640.
2, 5
List the prime factors of 724.
2, 181
List the prime factors of 440.
2, 5, 11
What are the prime factors of 6132?
2, 3, 7, 73
What are the prime factors of 50897?
7, 11, 661
What are the prime factors of 48047?
23, 2089
What are the prime factors of 37337?
37337
What are the prime factors of 62818?
2, 7, 641
List the prime factors of 6468.
2, 3, 7, 11
List the prime factors of 26164.
2, 31, 211
What are the prime factors of 18684?
2, 3, 173
List the prime factors of 4259.
4259
List the prime factors of 3815.
5, 7, 109
What are the prime factors of 6075?
3, 5
What are the prime factors of 31538?
2, 13, 1213
What are the prime factors of 140146?
2, 79, 887
List the prime factors of 28939.
43, 673
List the prime factors of 75.
3, 5
What are the prime factors of 13681?
13681
What are the prime factors of 217?
7, 31
List the prime factors of 14611.
19, 769
List the prime factors of 4857.
3, 1619
List the prime factors of 7483.
7, 1069
List the prime factors of 3799.
29, 131
What are the prime factors of 1444?
2, 19
List the prime factors of 48344.
2, 6043
What are the prime factors of 93022?
2, 46511
What are the prime factors of 72976?
2, 4561
What are the prime factors of 32571?
3, 7, 11, 47
List the prime factors of 772.
2, 193
List the prime factors of 667.
23, 29
What are the prime factors of 1321?
1321
What are the prime factors of 57615?
3, 5, 23, 167
List the prime factors of 41877.
3, 11, 47
What are the prime factors of 22459?
37, 607
List the prime factors of 2491.
47, 53
List the prime factors of 90404.
2, 97, 233
What are the prime factors of 3247?
17, 191
What are the prime factors of 1184?
2, 37
What are the prime factors of 2933?
7, 419
List the prime factors of 4033.
37, 109
List the prime factors of 1844.
2, 461
List the prime factors of 38434.
2, 11, 1747
What are the prime factors of 220?
2, 5, 11
What are the prime factors of 1672?
2, 11, 19
What are the prime factors of 225?
3, 5
What are the prime factors of 1415?
5, 283
List the prime factors of 10358.
2, 5179
What are the prime factors of 11581?
37, 313
List the prime factors of 10286.
2, 37, 139
What are the prime factors of 1324?
2, 331
What are the prime factors of 1525?
5, 61
List the prime factors of 768.
2, 3
List the prime factors of 1323.
3, 7
List the prime factors of 2336.
2, 73
List the prime factors of 27128.
2, 3391
List the prime factors of 2531.
2531
What are the prime factors of 2582?
2, 1291
What are the prime factors of 131640?
2, 3, 5, 1097
List the prime factors of 2373.
3, 7, 113
What are the prime factors of 38463?
3, 12821
What are the prime factors of 4104?
2, 3, 19
List the prime factors of 3475.
5, 139
List the prime factors of 34671.
3, 7, 13, 127
List the prime factors of 1830.
2, 3, 5, 61
What are the prime factors of 825?
3, 5, 11
List the prime factors of 5239.
13, 31
List the prime factors of 1115.
5, 223
What are the prime factors of 30395?
5, 6079
List the prime factors of 18911.
18911
List the prime factors of 2698.
2, 19, 71
What are the prime factors of 4337?
4337
List the prime factors of 103.
103
List the prime factors of 17340.
2, 3, 5, 17
What are the prime factors of 3497?
13, 269
What are the prime factors of 4310?
2, 5, 431
What are the prime factors of 90150?
2, 3, 5, 601
What are the prime factors of 105574?
2, 7, 7541
What are the prime factors of 5036?
2, 1259
What are the prime factors of 3478?
2, 37, 47
List the prime factors of 21904.
2, 37
What are the prime factors of 1146?
2, 3, 191
List the prime factors of 275.
5, 11
List the prime factors of 1433.
1433
What are the prime factors of 83742?
2, 3, 17, 821
List the prime factors of 1572.
2, 3, 131
What are the prime factors of 3534?
2, 3, 19, 31
List the prime factors of 1363.
29, 47
List the prime factors of 705.
3, 5, 47
List the prime factors of 13921.
13921
What are the prime factors of 52901?
52901
What are the prime factors of 15046?
2, 7523
List the prime factors of 11540.
2, 5, 577
List the prime factors of 3796.
2, 13, 73
What are the prime factors of 8116?
2, 2029
List the prime factors of 12693.
3, 4231
List the prime factors of 4655.
5, 7, 19
List the prime factors of 197488.
2, 12343
List the prime factors of 38910.
2, 3, 5, 1297
List the prime factors of 102378.
2, 3, 113, 151
What are the prime factors of 49175?
5, 7, 281
What are the prime factors of 114985?
5, 13, 29, 61
What are the prime factors of 6781?
6781
What are the prime factors of 437?
19, 23
What are the prime factors of 21716?
2, 61, 89
What are the prime factors of 39211?
113, 347
What are the prime factors of 2779?
7, 397
What are the prime factors of 2421?
3, 269
List the prime factors of 48096.
2, 3, 167
List the prime factors of 1388.
2, 347
What are the prime factors of 32?
2
What are the prime factors of 35039?
37, 947
What are the prime factors of 1262?
2, 631
List the prime factors of 1498.
2, 7, 107
List the prime factors of 10179.
3, 13, 29
List the prime factors of 21659.
11, 179
List the prime factors of 37347.
3, 59, 211
What are the prime factors of 19054?
2, 7, 1361
List the prime factors of 676.
2, 13
List the prime factors of 3295.
5, 659
List the prime factors of 743.
743
What are the prime factors of 6113?
6113
What are the prime factors of 1373?
1373
What are the prime factors of 23975?
5, 7, 137
List the prime factors of 85970.
2, 5, 8597
What are the prime factors of 2336?
2, 73
What are the prime factors of 85107?
3, 11, 2579
List the prime factors of 8370.
2, 3, 5, 31
What are the prime factors of 2249?
13, 173
What are the prime factors of 70518?
2, 3, 7, 23, 73
What are the prime factors of 166?
2, 83
List the prime factors of 1298.
2, 11, 59
List the prime factors of 69500.
2, 5, 139
What are the prime factors of 52880?
2, 5, 661
What are the prime factors of 845?
5, 13
List the prime factors of 13360.
2, 5, 167
List the prime factors of 99634.
2, 31, 1607
List the prime factors of 25223.
11, 2293
List the prime factors of 15262.
2, 13, 587
What are the prime factors of 2111?
2111
What are the prime factors of 164945?
5, 11, 2999
List the prime factors of 3508.
2, 877
What are the prime factors of 2028?
2, 3, 13
List the prime factors of 3181.
3181
What are the prime factors of 32418?
2, 3, 1801
List the prime factors of 1119.
3, 373
What are the prime factors of 85539?
3, 28513
List the prime factors of 4090.
2, 5, 409
What are the prime factors of 3367?
7, 13, 37
List the prime factors of 56055.
3, 5, 37, 101
What are the prime factors of 85007?
13, 503
List the prime factors of 3597.
3, 11, 109
List the prime factors of 2260.
2, 5, 113
What are the prime factors of 33074?
2, 23, 719
What are the prime factors of 89177?
11, 67
List the prime factors of 41583.
3, 83, 167
What are the prime factors of 1395?
3, 5, 31
What are the prime factors of 3490?
2, 5, 349
What are the prime factors of 18671?
18671
List the prime factors of 10691.
10691
List the prime factors of 7321.
7321
What are the prime factor